{"id":2202,"date":"2018-11-25T10:37:42","date_gmt":"2018-11-25T10:37:42","guid":{"rendered":"https:\/\/asgmi.org\/?page_id=2202"},"modified":"2020-03-27T16:32:37","modified_gmt":"2020-03-27T16:32:37","slug":"grupo-de-expertos-en-pasivos-ambientales-mineros","status":"publish","type":"page","link":"https:\/\/asgmi.org\/pt\/grupo-de-expertos-en-pasivos-ambientales-mineros\/","title":{"rendered":"Grupo de expertos en pasivos ambientales mineros"},"content":{"rendered":"<h4>ANTECEDENTES<\/H4><br \/>\nEl <strong>Grupo de Expertos de Pasivos Ambientales Mineros<\/strong> se crea para dar cumplimiento a los <a href=\"https:\/\/asgmi.org\/wp-content\/uploads\/2018\/05\/Declaraci\u00f3n-de-Santa-Cruz.pdf\" rel=\"noopener noreferrer\" target=\"_blank\">Acuerdos de Santa Cruz<\/a> que se establecieron en el taller sobre Evaluaci\u00f3n y Recuperaci\u00f3n de Pasivos Ambientales Mineros celebrado en octubre de 2008 en el Centro de Formaci\u00f3n de la Cooperaci\u00f3n Espa\u00f1ola en Santa Cruz de la Sierra, Bolivia.<\/p>\n<p>Este taller se celebra como consecuencia del encuentro <em>&#8220;Los Servicios Geol\u00f3gicos Nacionales: Instituciones p\u00fablicas para el desarrollo sustentable&#8221;<\/em>, celebrado en el mismo lugar en marzo de 2006 y en el que los Servicios Geol\u00f3gicos miembros de ASGMI declaran:<\/p>\n<p><strong>\u201cSu disposici\u00f3n a implementar programas orientados a la realizaci\u00f3n de mapas l\u00ednea-base ambiental y a la caracterizaci\u00f3n de los pasivos ambientales mineros, proponiendo alternativas para su remediaci\u00f3n\u201d.<\/strong><\/p>\n<p>Durante el taller de 2008 se cre\u00f3 un grupo de trabajo que lleg\u00f3 a formular un <strong>manual para el inventario de pasivos ambientales mineros<\/strong>, aceptado por ASGMI en 2010. No obstante, los acuerdos se Santa Cruz pretend\u00edan continuar con el <strong>desarrollo metodol\u00f3gico para la caracterizaci\u00f3n y evaluaci\u00f3n de la peligrosidad\/riesgo de los PAM<\/strong>, lo que consist\u00eda en:<\/p>\n<ul>\n<li>La creaci\u00f3n de un grupo de trabajo cuya misi\u00f3n ser\u00e1 elaborar una propuesta metodol\u00f3gica para la caracterizaci\u00f3n de la peligrosidad\/riesgo de los PAM sobre el an\u00e1lisis matricial de la severidad del impacto causado por los PAM previamente inventariados, y la probabilidad de ocurrencia del fen\u00f3meno susceptible de poner en riesgo la salud, los bienes y\/o el medioambiente.<\/li>\n<li>El grupo de trabajo tendr\u00e1 un \u201cn\u00facleo de ponentes\u201d, encargado de la elaboraci\u00f3n de los primeros borradores de propuestas metodol\u00f3gicas. Tales propuestas ser\u00e1n analizadas, debatidas y aprobadas, en su caso, por los miembros del grupo de trabajo.<\/li>\n<li>El Plan de trabajo para la elaboraci\u00f3n de la propuesta metodol\u00f3gica para la caracterizaci\u00f3n de la peligrosidad\/riesgo de los PAM se ajustaba a los siguientes hitos:<\/li>\n<\/ul>\n<p><strong>Septiembre de 2010.<\/strong> Primer borrador, elaborado y consensuado por el grupo de trabajo, para su distribuci\u00f3n y aportaciones, si proced\u00eda, a los todos los participantes en el Taller.<br \/>\n<strong><br \/>\nDiciembre de 2010.<\/strong> Documento de propuesta metodol\u00f3gica completamente elaborado para su distribuci\u00f3n a los Servicios Geol\u00f3gicos miembros de ASGMI.<br \/>\n<strong><br \/>\nMarzo de 2011. <\/strong>Aprobaci\u00f3n formal de la propuesta, si proced\u00eda, por la XVII Asamblea General Ordinaria de ASGMI que tendr\u00eda lugar en M\u00e9xico.<\/p>\n<h4>MISI\u00d3N DEL GRUPO DE EXPERTOS EN PASIVOS AMBIENTALES MINEROS<\/h4>\n<p>La misi\u00f3n del <strong>Grupo de Expertos en Pasivos Ambientales Mineros <\/strong>es materializar los Acuerdos de Santa Cruz y elaborar una <strong>metodolog\u00eda com\u00fan para la caracterizaci\u00f3n de la peligrosidad\/riesgo de los PAM sobre el an\u00e1lisis matricial de la severidad del impacto causado por los PAM previamente inventariados, y la probabilidad de ocurrencia del fen\u00f3meno susceptible de poner en riesgo la salud, los bienes y\/o el medioambiente.<\/strong><\/p>\n<h4>INFORMES TRIMESTRALES DE ACTIVIDAD DEL GRUPO:<\/H4><\/p>\n<h4>A\u00d1O 2018<\/H4><br \/>\n<img decoding=\"async\" src=\"https:\/\/asgmi.org\/wp-content\/uploads\/2018\/10\/001-pdf.png\" alt=\"\" width=\"32\" height=\"32\" class=\"alignleft size-full wp-image-2134\" \/> <a href=\"https:\/\/asgmi.org\/wp-content\/uploads\/2018\/11\/GEPAM_Informe-trimestral_01-2018.pdf\" rel=\"noopener noreferrer\" target=\"_blank\">Informe Trimestre 1<\/a><\/p>\n<div style=\"border-bottom: 3px solid #fff; clear: both;padding-top:2px; margin-bottom: 2px;\"><\/div>\n<p><img decoding=\"async\" src=\"https:\/\/asgmi.org\/wp-content\/uploads\/2018\/10\/001-pdf.png\" alt=\"\" width=\"32\" height=\"32\" class=\"alignleft size-full wp-image-2134\" \/> <a href=\"https:\/\/asgmi.org\/wp-content\/uploads\/2018\/11\/GEPAM_Informe-trimestral_02-2018.pdf\" rel=\"noopener noreferrer\" target=\"_blank\">Informe Trimestre 2<\/a><\/p>\n<div style=\"border-bottom: 3px solid #fff; clear: both;padding-top:2px; margin-bottom: 2px;\"><\/div>\n<p><img decoding=\"async\" src=\"https:\/\/asgmi.org\/wp-content\/uploads\/2018\/10\/001-pdf.png\" alt=\"\" width=\"32\" height=\"32\" class=\"alignleft size-full wp-image-2134\" \/> <a href=\"https:\/\/asgmi.org\/wp-content\/uploads\/2018\/11\/GEPAM_Informe-trimestral_03-2018.pdf\" rel=\"noopener noreferrer\" target=\"_blank\">Informe Trimestre 3<\/a><\/p>\n<div style=\"border-bottom: 3px solid #fff; clear: both;padding-top:2px; margin-bottom: 2px;\"><\/div>\n<p><img decoding=\"async\" src=\"https:\/\/asgmi.org\/wp-content\/uploads\/2018\/10\/001-pdf.png\" alt=\"\" width=\"32\" height=\"32\" class=\"alignleft size-full wp-image-2134\" \/> <a href=\"https:\/\/asgmi.org\/wp-content\/uploads\/2019\/04\/GEPAM_Informe-trimestral_04-2018.pdf\" rel=\"noopener noreferrer\" target=\"_blank\">Informe Trimestre 4<\/a><\/p>\n<h4>DOCUMENTOS:<\/H4><\/p>\n<p><img decoding=\"async\" src=\"https:\/\/asgmi.org\/wp-content\/uploads\/2018\/10\/001-pdf.png\" alt=\"\" width=\"32\" height=\"32\" class=\"alignleft size-full wp-image-2134\" \/> <a href=\"https:\/\/asgmi.org\/wp-content\/uploads\/2019\/04\/00-Conocimiento-y-percepciones-acerca-de-los-PAM.pdf\" rel=\"noopener noreferrer\" target=\"_blank\">Conocimiento y percepciones acerca de los pasivos ambientales mineros (PAM) en pa\u00edses miembros de la Asociaci\u00f3n de Servicios de Geolog\u00eda y Miner\u00eda Iberoamericanos (ASGMI) <\/a><\/p>\n<p><img decoding=\"async\" src=\"https:\/\/asgmi.org\/wp-content\/uploads\/2018\/10\/001-pdf.png\" alt=\"\" width=\"32\" height=\"32\" class=\"alignleft size-full wp-image-2134\" \/> <a href=\"https:\/\/asgmi.org\/wp-content\/uploads\/2020\/03\/01-Glosario_Final.pdf\" rel=\"noopener noreferrer\" target=\"_blank\">Glosario T\u00e9cnico en Materia de Gesti\u00f3n de Pasivos Ambientales Mineros <\/a><\/p>\n<p><a class=\"button\" href=\"https:\/\/asgmi.org\/area-de-trabajo-gepam\/\">\u00c1REA DE TRABAJO<\/a><br \/>","protected":false},"excerpt":{"rendered":"<p>ANTECEDENTES El Grupo de Expertos de Pasivos Ambientales Mineros se crea para dar cumplimiento a los Acuerdos de Santa Cruz que se establecieron en el taller sobre Evaluaci\u00f3n y Recuperaci\u00f3n de Pasivos Ambientales Mineros celebrado en octubre de 2008 en el Centro de Formaci\u00f3n de la Cooperaci\u00f3n Espa\u00f1ola en Santa Cruz de la Sierra, Bolivia. [&hellip;]<\/p>\n","protected":false},"author":1,"featured_media":0,"parent":0,"menu_order":0,"comment_status":"closed","ping_status":"closed","template":"","meta":{"_genesis_hide_title":false,"_genesis_hide_breadcrumbs":false,"_genesis_hide_singular_image":false,"_genesis_hide_footer_widgets":false,"_genesis_custom_body_class":"","_genesis_custom_post_class":"","_genesis_layout":"","footnotes":""},"class_list":{"0":"post-2202","1":"page","2":"type-page","3":"status-publish","5":"entry"},"_links":{"self":[{"href":"https:\/\/asgmi.org\/pt\/wp-json\/wp\/v2\/pages\/2202","targetHints":{"allow":["GET"]}}],"collection":[{"href":"https:\/\/asgmi.org\/pt\/wp-json\/wp\/v2\/pages"}],"about":[{"href":"https:\/\/asgmi.org\/pt\/wp-json\/wp\/v2\/types\/page"}],"author":[{"embeddable":true,"href":"https:\/\/asgmi.org\/pt\/wp-json\/wp\/v2\/users\/1"}],"replies":[{"embeddable":true,"href":"https:\/\/asgmi.org\/pt\/wp-json\/wp\/v2\/comments?post=2202"}],"version-history":[{"count":15,"href":"https:\/\/asgmi.org\/pt\/wp-json\/wp\/v2\/pages\/2202\/revisions"}],"predecessor-version":[{"id":2698,"href":"https:\/\/asgmi.org\/pt\/wp-json\/wp\/v2\/pages\/2202\/revisions\/2698"}],"wp:attachment":[{"href":"https:\/\/asgmi.org\/pt\/wp-json\/wp\/v2\/media?parent=2202"}],"curies":[{"name":"wp","href":"https:\/\/api.w.org\/{rel}","templated":true}]}}

<h4>ANTECEDENTES</H4><br />
El <strong>Grupo de Expertos de Pasivos Ambientales Mineros</strong> se crea para dar cumplimiento a los <a href="https://asgmi.org/wp-content/uploads/2018/05/Declaración-de-Santa-Cruz.pdf" rel="noopener noreferrer" target="_blank">Acuerdos de Santa Cruz</a> que se establecieron en el taller sobre Evaluación y Recuperación de Pasivos Ambientales Mineros celebrado en octubre de 2008 en el Centro de Formación de la Cooperación Española en Santa Cruz de la Sierra, Bolivia.</p>
<p>Este taller se celebra como consecuencia del encuentro <em>&#8220;Los Servicios Geológicos Nacionales: Instituciones públicas para el desarrollo sustentable&#8221;</em>, celebrado en el mismo lugar en marzo de 2006 y en el que los Servicios Geológicos miembros de ASGMI declaran:</p>
<p><strong>“Su disposición a implementar programas orientados a la realización de mapas línea-base ambiental y a la caracterización de los pasivos ambientales mineros, proponiendo alternativas para su remediación”.</strong></p>
<p>Durante el taller de 2008 se creó un grupo de trabajo que llegó a formular un <strong>manual para el inventario de pasivos ambientales mineros</strong>, aceptado por ASGMI en 2010. No obstante, los acuerdos se Santa Cruz pretendían continuar con el <strong>desarrollo metodológico para la caracterización y evaluación de la peligrosidad/riesgo de los PAM</strong>, lo que consistía en:</p>
<ul>
<li>La creación de un grupo de trabajo cuya misión será elaborar una propuesta metodológica para la caracterización de la peligrosidad/riesgo de los PAM sobre el análisis matricial de la severidad del impacto causado por los PAM previamente inventariados, y la probabilidad de ocurrencia del fenómeno susceptible de poner en riesgo la salud, los bienes y/o el medioambiente.</li>
<li>El grupo de trabajo tendrá un “núcleo de ponentes”, encargado de la elaboración de los primeros borradores de propuestas metodológicas. Tales propuestas serán analizadas, debatidas y aprobadas, en su caso, por los miembros del grupo de trabajo.</li>
<li>El Plan de trabajo para la elaboración de la propuesta metodológica para la caracterización de la peligrosidad/riesgo de los PAM se ajustaba a los siguientes hitos:</li>
</ul>
<p><strong>Septiembre de 2010.</strong> Primer borrador, elaborado y consensuado por el grupo de trabajo, para su distribución y aportaciones, si procedía, a los todos los participantes en el Taller.<br />
<strong><br />
Diciembre de 2010.</strong> Documento de propuesta metodológica completamente elaborado para su distribución a los Servicios Geológicos miembros de ASGMI.<br />
<strong><br />
Marzo de 2011. </strong>Aprobación formal de la propuesta, si procedía, por la XVII Asamblea General Ordinaria de ASGMI que tendría lugar en México.</p>
<h4>MISIÓN DEL GRUPO DE EXPERTOS EN PASIVOS AMBIENTALES MINEROS</h4>
<p>La misión del <strong>Grupo de Expertos en Pasivos Ambientales Mineros </strong>es materializar los Acuerdos de Santa Cruz y elaborar una <strong>metodología común para la caracterización de la peligrosidad/riesgo de los PAM sobre el análisis matricial de la severidad del impacto causado por los PAM previamente inventariados, y la probabilidad de ocurrencia del fenómeno susceptible de poner en riesgo la salud, los bienes y/o el medioambiente.</strong></p>
<h4>INFORMES TRIMESTRALES DE ACTIVIDAD DEL GRUPO:</H4></p>
<h4>AÑO 2018</H4><br />
<img decoding="async" src="https://asgmi.org/wp-content/uploads/2018/10/001-pdf.png" alt="" width="32" height="32" class="alignleft size-full wp-image-2134" /> <a href="https://asgmi.org/wp-content/uploads/2018/11/GEPAM_Informe-trimestral_01-2018.pdf" rel="noopener noreferrer" target="_blank">Informe Trimestre 1</a></p>
<div style="border-bottom: 3px solid #fff; clear: both;padding-top:2px; margin-bottom: 2px;"></div>
<p><img decoding="async" src="https://asgmi.org/wp-content/uploads/2018/10/001-pdf.png" alt="" width="32" height="32" class="alignleft size-full wp-image-2134" /> <a href="https://asgmi.org/wp-content/uploads/2018/11/GEPAM_Informe-trimestral_02-2018.pdf" rel="noopener noreferrer" target="_blank">Informe Trimestre 2</a></p>
<div style="border-bottom: 3px solid #fff; clear: both;padding-top:2px; margin-bottom: 2px;"></div>
<p><img decoding="async" src="https://asgmi.org/wp-content/uploads/2018/10/001-pdf.png" alt="" width="32" height="32" class="alignleft size-full wp-image-2134" /> <a href="https://asgmi.org/wp-content/uploads/2018/11/GEPAM_Informe-trimestral_03-2018.pdf" rel="noopener noreferrer" target="_blank">Informe Trimestre 3</a></p>
<div style="border-bottom: 3px solid #fff; clear: both;padding-top:2px; margin-bottom: 2px;"></div>
<p><img decoding="async" src="https://asgmi.org/wp-content/uploads/2018/10/001-pdf.png" alt="" width="32" height="32" class="alignleft size-full wp-image-2134" /> <a href="https://asgmi.org/wp-content/uploads/2019/04/GEPAM_Informe-trimestral_04-2018.pdf" rel="noopener noreferrer" target="_blank">Informe Trimestre 4</a></p>
<h4>DOCUMENTOS:</H4></p>
<p><img decoding="async" src="https://asgmi.org/wp-content/uploads/2018/10/001-pdf.png" alt="" width="32" height="32" class="alignleft size-full wp-image-2134" /> <a href="https://asgmi.org/wp-content/uploads/2019/04/00-Conocimiento-y-percepciones-acerca-de-los-PAM.pdf" rel="noopener noreferrer" target="_blank">Conocimiento y percepciones acerca de los pasivos ambientales mineros (PAM) en países miembros de la Asociación de Servicios de Geología y Minería Iberoamericanos (ASGMI) </a></p>
<p><img decoding="async" src="https://asgmi.org/wp-content/uploads/2018/10/001-pdf.png" alt="" width="32" height="32" class="alignleft size-full wp-image-2134" /> <a href="https://asgmi.org/wp-content/uploads/2020/03/01-Glosario_Final.pdf" rel="noopener noreferrer" target="_blank">Glosario Técnico en Materia de Gestión de Pasivos Ambientales Mineros </a></p>
<p><a class="button" href="https://asgmi.org/area-de-trabajo-gepam/">ÁREA DE TRABAJO</a><br />

<p>ANTECEDENTES El Grupo de Expertos de Pasivos Ambientales Mineros se crea para dar cumplimiento a los Acuerdos de Santa Cruz que se establecieron en el taller sobre Evaluación y Recuperación de Pasivos Ambientales Mineros celebrado en octubre de 2008 en el Centro de Formación de la Cooperación Española en Santa Cruz de la Sierra, Bolivia. [&hellip;]</p>
